{"id":4202,"date":"2019-09-30T13:10:28","date_gmt":"2019-09-30T15:10:28","guid":{"rendered":"https:\/\/metropollis.com.br\/portal\/?post_type=product&#038;p=4202"},"modified":"2022-05-17T12:32:25","modified_gmt":"2022-05-17T14:32:25","slug":"informatica-essencial","status":"publish","type":"product","link":"https:\/\/metropolitanacursos.com.br\/portal\/produto\/informatica-essencial\/","title":{"rendered":"INFORM\u00c1TICA ESSENCIAL"},"content":{"rendered":"<p>[vc_row][vc_column][\/vc_column][\/vc_row][vc_row][vc_column width=&#8221;2\/3&#8243;][vc_column_text]<br \/>\n<strong>CONTE\u00daDO PROGRAM\u00c1TICO:<\/strong><\/p>\n<p><strong>INTRODU\u00c7\u00c3O \u00c0 INFORM\u00c1TICA<\/strong><br \/>\n&#8211; HARDWARE, SOFTWARE E ARQUIVOS<br \/>\n&#8211; TECLADO E MOUSE<\/p>\n<p><strong>WINDOWS 10<\/strong><br \/>\n&#8211; INTRODU\u00c7\u00c3O AO WINDOWS 10<br \/>\n&#8211; PERSONALIZANDO SEU WINDOWS 10<br \/>\n&#8211; APLICATIVOS DO WINDOWS 10<br \/>\n&#8211; EXPLORADOR DE ARQUIVOS<br \/>\n&#8211; APLICATIVOS DE M\u00cdDIA<br \/>\n&#8211; MODO TABLET<br \/>\n&#8211; CONFIGURA\u00c7\u00d5ES DE SISTEMA<br \/>\n&#8211; CONFIGURA\u00c7\u00d5ES DE DISPOSITIVOS, REDE E INTERNET<br \/>\n&#8211; CONFIGURA\u00c7\u00d5ES DE HORA, IDIOMA E FACILIDADE DE ACESSO<br \/>\n&#8211; CONFIGURA\u00c7\u00d5ES DE PRIVACIDADE, ATUALIZA\u00c7\u00c3O E SEGURAN\u00c7A<\/p>\n<p><strong>WORD 2019<\/strong><br \/>\n&#8211; INTRODU\u00c7\u00c3O AO WORD 2019<br \/>\n&#8211; INICIANDO UM DOCUMENTO<br \/>\n&#8211; FORMATANDO TEXTO E UTILIZA\u00c7\u00c3O DA NOVA FERRAMENTA DE APRENDIZAGEM<br \/>\n&#8211; INSER\u00c7\u00c3O DE TABELAS E \u00cdCONES SVGS<br \/>\n&#8211; INSER\u00c7\u00c3O DE ELEMENTOS GR\u00c1FICOS I<br \/>\n&#8211; INSER\u00c7\u00c3O DE ELEMENTOS GR\u00c1FICOS E IMAGENS 3D.<br \/>\n&#8211; CRIA\u00c7\u00c3O DE ESTRUTURAS DE TEXTO I<br \/>\n&#8211; CRIA\u00c7\u00c3O DE ESTRUTURAS DE TEXTO II<br \/>\n&#8211; INSER\u00c7\u00c3O DE ELEMENTOS DE TEXTO E NOVA SINTAXE LATEX<br \/>\n&#8211; LAYOUT DA P\u00c1GINA<br \/>\n&#8211; DESIGN<br \/>\n&#8211; REVIS\u00c3O<br \/>\n&#8211; ARMAZENAMENTO E COMPARTILHAMENTO<br \/>\n&#8211; IMPRESS\u00c3O<\/p>\n<p><strong>POWERPOINT 2019<\/strong><br \/>\n&#8211; INTRODU\u00c7\u00c3O AO POWER POINT 2019<br \/>\n&#8211; FERRAMENTAS<br \/>\n&#8211; INICIANDO UMA APRESENTA\u00c7\u00c3O<br \/>\n&#8211; TEXTO<br \/>\n&#8211; LAYOUT DE SLIDE<br \/>\n&#8211; ELEMENTOS GR\u00c1FICOS I<br \/>\n&#8211; ELEMENTOS GR\u00c1FICOS II<br \/>\n&#8211; MULTIM\u00cdDIA<br \/>\n&#8211; TRANSI\u00c7\u00d5ES<br \/>\n&#8211; TESTES DE APRESENTA\u00c7\u00c3O<br \/>\n&#8211; REVIS\u00c3O<br \/>\n&#8211; PROJETO<\/p>\n<p><strong>EXCEL 2019<\/strong><br \/>\n&#8211; INTRODU\u00c7\u00c3O AO EXCEL 2019<br \/>\n&#8211; APRENDENDO A SOMAR<br \/>\n&#8211; OUTROS OPERADORES B\u00c1SICOS<br \/>\n&#8211; F\u00d3RMULAS B\u00c1SICAS<br \/>\n&#8211; FORMATANDO C\u00c9LULAS<br \/>\n&#8211; F\u00d3RMULA SE<br \/>\n&#8211; TABELAS<br \/>\n&#8211; GR\u00c1FICOS<br \/>\n&#8211; INSER\u00c7\u00c3O DE ILUSTRA\u00c7\u00d5ES<br \/>\n&#8211; INSER\u00c7\u00c3O DE ELEMENTOS GR\u00c1FICOS<br \/>\n&#8211; VALIDA\u00c7\u00c3O DE DADOS<br \/>\n&#8211; PROCV<br \/>\n&#8211; DICAS<br \/>\n&#8211; LAYOUT E IMPRESS\u00c3O<br \/>\n[\/vc_column_text][vc_row_inner][vc_column_inner width=&#8221;1\/3&#8243; css=&#8221;.vc_custom_1569767604927{background-color: #cecece !important;}&#8221;][vc_column_text css=&#8221;.vc_custom_1569767624002{margin-bottom: 10px !important;}&#8221;]<\/p>\n<h4 style=\"text-align: center;\"><strong>MATR\u00cdCULA<\/strong><\/h4>\n<p>[\/vc_column_text][vc_column_text]<\/p>\n<p style=\"text-align: center;\">R$ 250,00<\/p>\n<p>[\/vc_column_text][\/vc_column_inner][vc_column_inner width=&#8221;1\/3&#8243; css=&#8221;.vc_custom_1569767813345{background-color: #cecece !important;}&#8221;][vc_column_text css=&#8221;.vc_custom_1643840341136{margin-bottom: 10px !important;}&#8221;]<\/p>\n<h4 style=\"text-align: center;\"><strong>MATERIAL DID\u00c1TICO<\/strong><\/h4>\n<p>[\/vc_column_text][vc_column_text]<\/p>\n<p style=\"text-align: center;\">R$ 270,00<\/p>\n<p>[\/vc_column_text][\/vc_column_inner][vc_column_inner width=&#8221;1\/3&#8243; css=&#8221;.vc_custom_1569767828386{background-color: #cecece !important;}&#8221;][vc_column_text css=&#8221;.vc_custom_1569767875513{margin-bottom: 10px !important;}&#8221;]<\/p>\n<h4 style=\"text-align: center;\"><strong>MENSALIDADE<\/strong><\/h4>\n<p>[\/vc_column_text][vc_column_text]<\/p>\n<p style=\"text-align: center;\">R$ 296,00<\/p>\n<p>[\/vc_column_text][\/vc_column_inner][\/vc_row_inner][\/vc_column][vc_column width=&#8221;1\/3&#8243;][vc_single_image image=&#8221;9103&#8243; img_size=&#8221;full&#8221; alignment=&#8221;center&#8221; onclick=&#8221;zoom&#8221;][\/vc_column][\/vc_row]<\/p>\n","protected":false},"excerpt":{"rendered":"<p>[vc_row][vc_column][\/vc_column][\/vc_row][vc_row][vc_column width=&#8221;2\/3&#8243;][vc_column_text] CONTE\u00daDO PROGRAM\u00c1TICO: INTRODU\u00c7\u00c3O \u00c0 INFORM\u00c1TICA &#8211; HARDWARE, SOFTWARE E ARQUIVOS &#8211; TECLADO E MOUSE WINDOWS 10 &#8211; INTRODU\u00c7\u00c3O AO WINDOWS 10 &#8211; PERSONALIZANDO SEU WINDOWS 10 &#8211; APLICATIVOS DO WINDOWS 10 &#8211; EXPLORADOR DE ARQUIVOS &#8211; APLICATIVOS DE M\u00cdDIA &#8211; MODO TABLET &#8211; CONFIGURA\u00c7\u00d5ES DE SISTEMA &#8211; CONFIGURA\u00c7\u00d5ES DE DISPOSITIVOS, REDE E INTERNET [&hellip;]<\/p>\n","protected":false},"featured_media":9102,"template":"","meta":{"ngg_post_thumbnail":0,"_joinchat":[]},"product_cat":[45],"product_tag":[62],"_links":{"self":[{"href":"https:\/\/metropolitanacursos.com.br\/portal\/wp-json\/wp\/v2\/product\/4202"}],"collection":[{"href":"https:\/\/metropolitanacursos.com.br\/portal\/wp-json\/wp\/v2\/product"}],"about":[{"href":"https:\/\/metropolitanacursos.com.br\/portal\/wp-json\/wp\/v2\/types\/product"}],"wp:featuredmedia":[{"embeddable":true,"href":"https:\/\/metropolitanacursos.com.br\/portal\/wp-json\/wp\/v2\/media\/9102"}],"wp:attachment":[{"href":"https:\/\/metropolitanacursos.com.br\/portal\/wp-json\/wp\/v2\/media?parent=4202"}],"wp:term":[{"taxonomy":"product_cat","embeddable":true,"href":"https:\/\/metropolitanacursos.com.br\/portal\/wp-json\/wp\/v2\/product_cat?post=4202"},{"taxonomy":"product_tag","embeddable":true,"href":"https:\/\/metropolitanacursos.com.br\/portal\/wp-json\/wp\/v2\/product_tag?post=4202"}],"curies":[{"name":"wp","href":"https:\/\/api.w.org\/{rel}","templated":true}]}}